**2 + 7*l + 3. Let s(x) = -9*d(x) + 2*g(x). Let z = -128 - -143. Suppose 0 = -13*i + 16*i - z. Calculate s(i).
2
Let p(m) = -9*m + 10. Let b be 5/20 - (-77)/28. What is p(b)?
-17
Let p(x) be the second derivative of -62*x - 2/3*x**3 + 1/2*x**2 - 1/20*x**5 + 1/3*x**4 + 0. Calculate p(4).
-15
Let c(g) = g**3 - 6*g**2 - 2*g + 11. Suppose -47*k = -51*k - 4*l - 52, 2*k + 19 = 5*l. Let i be (62/(-56) + (-3)/k)*-7. Give c(i).
-1
Suppose -34444 = -49*m - 7249. Let s = 552 - m. Let i(a) = 3*a**2 + 3*a + 6. Let j(v) = v**2 + v + 2. Let k(w) = -3*i(w) + 8*j(w). Determine k(s).
-8
Suppose -148*w = -46*w. Let a(n) be the third derivative of n**5/60 - n**4/24 + n**3 + 3*n**2. What is a(w)?
6
Let u(x) = -x + 9. Let j = -27 + 36. Suppose 0 = r + j - 8. Let h be 3 + r + (-12)/(-6). What is u(h)?
5
Let p(k) be the first derivative of 3*k**4/4 - 5*k**3/3 + 7*k**2/2 - 5*k - 1269. Give p(2).
13
Let r(s) = s**2 - 11*s - 5. Let n be 2 + 1 - 180/(-6). Suppose 15*v = -31*v + 184. Suppose v*p + n = 7*p. Give r(p).
-5
Let d(r) be the third derivative of 1 - 7/6*r**3 + 18*r**2 + 5/12*r**4 - 11/60*r**5 + 0*r + 1/120*r**6. What is d(10)?
-7
Let l be (6 - 1)*-1*(-3)/(-5). Suppose -2*b - 4*h = 6, -b - 5*h - 11 - 4 = 0. Let i(x) = b - 3 + 4*x + 2*x - 4*x. Give i(l).
-4
Suppose 2*c = 2*a + a - 20, 0 = 2*a + 5*c + 12. Suppose 0 = 2*p + a*l - 37 - 81, l = -5. Let i(t) = 0*t**2 + 5*t**2 + p - 68 + 5*t**2. Calculate i(-1).
11
Let h(s) be the second derivative of -s**3 + 3*s**2/2 - 753*s - 2. Let c(f) = f + 3. Let j be c(-2). Let l be -1 - (-4*j - -1). What is h(l)?
-9
Let y be -2*(-1)/(-4)*2. Let x(t) = -t - 11. Let m(u) = 2. Let c(l) = y*x(l) - 5*m(l). What is c(-9)?
-8
Let f(d) = -d**2 - 10*d - 11. Suppose -3165 = -9*j - 1104. Let p = 220 - j. Determine f(p).
-2
Let a(t) = 67 - 151*t**2 + 209*t**2 - 59*t**2 - 6*t. What is a(-12)?
-5
Let v = -33 - -36. Let l(k) = -5 - 50*k**3 + 108*k**v - 7*k - 59*k**3 + 8*k**2. Let u = -68 - -75. Determine l(u).
-5
Let l(t) = 4*t**2 + 39*t - 7. Let y(z) = 4*z**2 + 35*z - 7. Let c(b) = 8*l(b) - 9*y(b). Give c(-4).
-45
Let v(w) = -w**2 + 9*w - 8. Let g(x) = -x**2 - 7*x - 3. Suppose 0 = 31*m - 35*m - 32. Let y be g(m). Let q be (-2)/y + 16/11*4. Determine v(q).
10
Let a = 38 - 36. Let s(v) = 4*v**2 - 7*v**a - 1 + 4*v**2 - 2 + 3*v. Suppose 2*r - 3*r = 3*m + 14, 4*m + 24 = -4*r. Give s(m).
1
Let u = 268 - 273. Let t(l) = 7*l**3 + 8*l**2 - 7*l - 3. Let b(n) = -4*n**3 - 4*n**2 + 3*n + 2. Let o = -15 + 18. Let w(d) = o*t(d) + 5*b(d). Calculate w(u).
6
Let q(w) = w - 2. Suppose 14 = 5*t - 2*d, 4*d = -3*t + 6*t. Let a be -3*t*(2 - (-18)/(-12)). Determine q(a).
-8
Let n(m) be the third derivative of -m**4/8 + m**3/3 - 8*m**2 + 11. Let w be 1/(((-4)/(-24))/1). Calculate n(w).
-16
Let s(z) = -z**2 + 219191*z - 107 - 65 - 219158*z. Give s(6).
-10
Let i be (2/(-9))/((-496)/11160). Let s(l) = -l**3 + 10*l**2 - 22*l - 17. Calculate s(i).
-2
Let n = -88 + 90. Suppose n = 5*j + 27. Let s(v) = -3*v**2 - 8*v - 4. Give s(j).
-39
Suppose -2*k - 12 - 11 = -5*h, 3*k - 28 = -5*h. Let z(l) = -1. Let i(w) = w**2 - 3*w - 9. Let m(b) = k*i(b) - 2*z(b). Calculate m(4).
-3
Let z(o) = 46*o**2 + o - 1. Let j(c) = 827*c**2 + 14*c - 3. Let l(u) = -j(u) + 18*z(u). Give l(4).
17
Suppose 5*j - 5*b - 55 = 0, -3*j + 4*b + 37 = 4. Let t(p) = -5*p**2 - 13*p + 6. Let d(s) = -28*s**2 - 66*s + 31. Let r(n) = j*t(n) - 2*d(n). What is r(8)?
-20
Suppose -3*u + 9 = 0, h + 2*u - 3 = -u. Let n = 6 - 3. Let k(y) = -6 - 297*y - y**3 - n*y**2 + 296*y - 3*y**2. What is k(h)?
0
Let b(l) be the first derivative of -l**4/4 - 3*l**3 + l**2 + 8*l - 546. Give b(-9).
-10
Let g(n) be the second derivative of -n**5/60 - 7*n**4/24 - n**3/2 + 32*n**2 + 80*n. Let f(k) be the first derivative of g(k). What is f(-6)?
3
Let o = 12 - 13. Let b(l) be the third derivative of l**7/5040 + l**6/720 - 7*l**5/60 - 13*l**2. Let j(n) be the third derivative of b(n). Give j(o).
0
Let n(t) = 4*t**2 + t**2 + 3*t - 12*t - 7*t + 2 + 0. Give n(2).
-10
Let y(r) be the second derivative of 7*r**3/6 + 2*r**2 + 9*r + 4. Suppose x = -0*x - 2. What is y(x)?
-10
Let h be ((-5)/10)/((-2)/24). Suppose i = -3*a - 9, 13*i - 16*i = -2*a - 17. Let m(v) = h*v**2 + 2*v - v**3 + 3*v - i + v. Give m(7).
-10
Suppose 3*w - 6 = 3. Suppose -4*n - 1 = w*b - 2, -2*b = 10. Let d(c) be the first derivative of -c**4/4 + 4*c**3/3 + c**2/2 - 10. Determine d(n).
4
Let d(j) = -4*j + 25. Let t = -15 + 21. Let q be d(t). Let c(z) = -13*z - 1. Calculate c(q).
-14
Let q = 621 + -609. Let f(k) = -q + 33 - k**2 - 9 - 12. Give f(1).
-1
Let h be ((-15)/10)/(3/(-6)). Suppose -5*z + 4*c + 73 = 0, 5*z + 3*c - 81 = 13. Let q(i) = 8*i + 11*i - 3 - z*i. Calculate q(h).
3
Let i(q) be the second derivative of q**8/6720 + q**7/504 + q**6/720 - q**5/40 - 7*q**4 + 89*q. Let a(v) be the third derivative of i(v). Give a(-4).
9
Suppose -18 = 3*q - 4*d, 5*q - 14*d + 20*d - 8 = 0. Let i(r) = -4*r**3 - 4*r - 5. Give i(q).
35
Suppose 2*f + 2*v = 10, 5*v + 8 = -f - 7. Let q(d) = 2 - 6*d - 6 + 5*d + f. What is q(4)?
2
Let w(d) = 7*d**3 + 8*d**2 + 3*d + 10. Let h(q) = 2*q**3 + 3*q + 1. Let t(o) = -4*h(o) + w(o). Suppose -30 = -5*b + j, -b + 5*j + 6 = j. What is t(b)?
24
Let v = -8360 - -8358. Let h(f) = -2*f**3 - 4*f - 1. Determine h(v).
23
Let q(x) = -x + 2. Let r = -38 + 40. Let j(h) = -1181*h - 2*h**r + 1194*h + 2 - h**3 - 2*h**2. Let i be j(-6). Calculate q(i).
6
Let b(j) be the second derivative of j**5/20 + 5*j**4/4 - j**3/3 - 33*j**2/2 - 1605*j. Determine b(-15).
-3
Let f(y) = -2*y + 3. Suppose -286 = -8*u - 14*u. Suppose -3*x + 2 = -2*x. Suppose x*n + 21 = u. Calculate f(n).
11
Suppose -2*u - 2 = -7*u + 2*b, 5*u = -4*b - 4. Let n(p) = -p**3 - p - 10. Calculate n(u).
-10
Let i(d) = -8*d**2 + 7 - 4 + 0*d - 2*d - d**3 - 8. Let y be ((80/25)/(-1))/((-52)/(-130)). What is i(y)?
11
Let a(b) = b**2 + 6*b + 2. Suppose 2*g - 202 = -5*y, -5*y + g = -0*g - 214. Suppose 28*z + 98 = -y. Calculate a(z).
-3
Suppose -2*h = -h + 38. Let w = 39 + h. Let n(j) = 0*j**2 + 13*j**3 - j**2 - 5*j**3 - 7*j**3. What is n(w)?
0
Let p(a) = 3*a**3 + 21*a**2 + 15*a + 92. Let f(d) = -17*d**3 - 105*d**2 - 85*d - 463. Let v(x) = -2*f(x) - 11*p(x). Give v(21).
19
Let i(t) = -t**3 + 10*t**2 - 16*t - 7. Let m = 1224 - 1216. Give i(m).
-7
Let a be 1/((1 + 10/(-4))*(-20)/60). Let n(p) = -6*p**2 - 4*p + 7. What is n(a)?
-25
Let f(x) = 2*x + 11. Suppose n = -17429 + 17437. Calculate f(n).
27
Suppose -15*t - 46 = -91. Suppose -2*h + t*q - 18 = -h, 5*h - 5*q = -60. Let s(i) = -i**3 - 9*i**2 - i - 7. Calculate s(h).
2
Let j(k) = 3*k + 8. Suppose 19 = -u - 3*f + 7, -3*u + 2*f + 19 = 0. Suppose -u*m + 16 - 28 = 0. What is j(m)?
-4
Let p(m) = 5*m + m + 0*m - m**2. Let j(x) = 23*x**2 - 3*x + 15. Let i be j(6). Let y = -819 + i. What is p(y)?
0
Let p(f) = 4732*f - 9407*f + 4674*f. Suppose 2*w - 4 = -10. Calculate p(w).
3
Let x(c) = 1. Let s(l) = l - 6. Suppose -20 = -4*q - i, 3*i - 10 - 18 = -4*q. Let r be 4 + (-5 - -1) - q. Let b(t) = r*x(t) - s(t). What is b(-5)?
7
Suppose 2*z = -2 + 6. Let c(g) = -11*g**2 + 128*g - 32. Let n(m) = -2*m**2 + 26*m - 7. Let d(v) = -c(v) + 5*n(v). Give d(z).
5
Let b(j) = 2*j. Let c be (2 - 1)/(26/(-28) - -1). Let w be (0 + 57)*(3 + c/(-6)). Suppose 0 = 5*r + 25, -3*f + 4*r + w = 3. What is b(f)?
10
Let w(l) = -l**2 + 108*l - 1073. Let u = -5650 - -5661. What is w(u)?
-6
Let t be 151*(-6)/15 + 2/5. Let j be ((-3)/(-15))/((-6)/t). Let h(k) = -2*k**3 + 2*k**2 - 4*k + 2. Calculate h(j).
-14
Let f(v) be the third derivative of v**5/60 + v**4/4 - 4*v**3/3 - 19*v**2 - 4*v. Let j = 72 - 78. What is f(j)?
-8
Let z(w) = -w + 17. Suppose -5*p - 4*u + 20 = -p, -p - 3*u = -3. Let f be ((-24)/(-24))/(p/26)*3. Calculate z(f).
4
Suppose 2*m + 21*t - 8 = 26*t, -4*m - 2*t = -16. Let l(p) = -p**3 + 4*p**2 + 3*p + 8. Give l(m).
20
Let l(f) = 9*f - 1. Let v(h) = -h**2 - 9*h - 1. Let d be v(-4). Suppose 0 = -9*w + 8*w + d. Suppose 2*n = -5*r - 13, -2*r - r = 4*n + w. Give l(r).
-10
Let l(d) = -d**3 - 5*d**2 + d - 1. Let s = 274 - 262. Suppose -2*r - t = 3, s*t - 8*t = -5*r. Give l(r).
-21
Let g(d) = 5*d**2 - 26*d - 52. Let r(l) = 3*l**2 - 14*l - 30. Let m(z) = 4*g(z) - 7*r(z). Let u = -21 - -15. What is m(u)?
2
Let v(p) = p**2 + 10*p + 4. Let y(u) = -3*u**2 - 21*u - 7. Let z(a) = 5*v(a) + 2*y(a). Let i = -1 - -8. 